2/7. Suppose o - t + 2 = -3*j, o + 4*j - 11 = 0. List the prime factors of o.
7
Let r(k) = -2*k**3 + k**2 - k - 1. Let l be r(-1). Let m be -2*l/6*13. Let i = m - -24. What are the prime factors of i?
11
Let s(y) = 12*y - 2. List the prime factors of s(6).
2, 5, 7
Suppose 5*y - 35 = -2*b, -2*y = -y + 1. List the prime factors of 64/(-6)*(-45)/b.
2, 3
Suppose 0 = 5*j - 4*p - 113, j + 36 = 3*j + 3*p. Suppose 0 = -4*d + 20, 3*q + d - 11 = j. Let a = -3 + q. What are the prime factors of a?
2, 3
Let k(d) = -d**3 - 4*d - 2. Let i(x) = x**2 - 5*x + 1. Let q be i(4). Let m(y) = y**2. Let t(j) = q*m(j) + k(j). List the prime factors of t(-2).
2
Let z be -3 + 1 - (1 + 0). Let m be 0/z + -2 + 4. Suppose 5*k + 12 = u, -4*u - m*k = -u - 19. List the prime factors of u.
7
Let t be 2/((-6)/93) + 1. What are the prime factors of ((-1)/(-1))/((-2)/t)?
3, 5
List the prime factors of 133 + ((-2)/2)/1.
2, 3, 11
Let w be 67*(3 + -2) - 2. Suppose -w = -4*q + 3*x, -7*q + 3*q + 95 = 3*x. What are the prime factors of q?
2, 5
Let v = -82 - -101. What are the prime factors of v?
19
Let g = -109 - -369. What are the prime factors of g?
2, 5, 13
Let i(b) = -b**3 + 10*b**2 + 3. Let p be i(10). Suppose p*o - 10 = 77. List the prime factors of o.
29
What are the prime factors of 546/35*(2 - (-11 - -3))?
2, 3, 13
Let z(q) = 5*q - 4*q - 1 - 3*q**2 - 3*q**3 + 4*q**3 + 0*q. Suppose 0 = -4*a + 4*f - 2*f + 22, -3*a + 5*f = -34. List the prime factors of z(a).
2
Suppose u = 3*u - 8. Suppose 6 = -5*p - u*x + 20, 4*p - 12 = -3*x. List the prime factors of p.
2, 3
Suppose z + 24 = 5*z. Let s be (-1*1 + -14)/(-1). What are the prime factors of z/5*s/6?
3
Suppose 4*w - 5*l = 105, -2*w + 3*l = -33 - 22. List the prime factors of (-4)/(-10) - (-472)/w.
2, 3
Let z(q) = q**3 - 3*q**2 + 3*q - 2. Let k be z(3). Suppose -5*b + 5 = l, l - k = b - 2. Suppose -p + b*p = -6. What are the prime factors of p?
2, 3
Let q(l) = -22*l + 1. Let a be q(-1). Let m = a + -5. What are the prime factors of m?
2, 3
Suppose -l = -2 - 13. Suppose 0 = -q - 4*q + l. What are the prime factors of q?
3
Let l(q) = 9*q**2 + 6*q - 7. List the prime factors of l(5).
2, 31
Let w(m) = -m + 8. Suppose -4*d = d. Let v be w(d). Suppose -38 = -3*f - v. List the prime factors of f.
2, 5
Let l(v) = 16*v + 2. What are the prime factors of l(3)?
2, 5
Suppose -4*k + 0*d - d + 17 = 0, -k + d = -3. Suppose -o = 5*n - 79, 3*o = k*n + n - 63. What are the prime factors of n?
3, 5
Let f = 152 + -15. What are the prime factors of f?
137
Suppose 4*a - 12 = -4*d, -5*a + 11 = d - 0*d. Suppose a*i + 3*x = -9, -4*i + 2*x + 3 = x. Let m(u) = u + 8. What are the prime factors of m(i)?
2
Suppose 7*a = 4*a + 87. Suppose 5*b = 2*c - 88, 5*c - 85 = 4*b + b. Let w = a + b. What are the prime factors of w?
11
Let m = -21 + 63. What are the prime factors of m?
2, 3, 7
Let x(p) = -31*p - 3. What are the prime factors of x(-2)?
59
Let m(i) = 2*i - 7. Let t be m(6). Suppose -x - 12 = -t*x. List the prime factors of x.
3
Let b = 4 - 4. What are the prime factors of 1/3*(6 - b)?
2
Let z(q) = -q**3 + 6*q**2 - 4*q - 2. Let a be z(5). Suppose -a*x = -4*x + 3. What are the prime factors of x?
3
Let h(v) be the second derivative of v**2/2 + 2*v. Let f(o) = o**2 - 4*o - 8. Let c(u) = f(u) + 6*h(u). List the prime factors of c(6).
2, 5
Suppose 3 = -0*y + 3*y. Let n be -2 + (y - 2) + 1. List the prime factors of (1 - -6) + (-1 - n).
2
Let n(p) = -p + 23. Let g be n(0). Let i = g - -21. What are the prime factors of i?
2, 11
Suppose -2*o - 2*y = -110, 2*o + 51 = 3*o - 3*y. List the prime factors of o.
2, 3
Let y(w) = w**3 + 5*w**2 - 4*w + 7. Let m be y(-5). Let q = -28 - -44. Let c = m - q. List the prime factors of c.
11
Suppose -4*y = -2*j - 90, -5*j - 12 = -y + 33. Suppose 6*p - 2*p - y = 0. List the prime factors of p.
5
What are the prime factors of 1712/12 - (-1 + (-8)/(-12))?
11, 13
Let f = 7 + -6. Suppose -4*w - 6 - f = -5*t, -4*w = -8. Suppose 3*r - r = t*s - 13, 2*s = -3*r. What are the prime factors of s?
3
Let j(x) = -4*x + 5. Suppose 0 = -3*p - 5 - 22. Let t be j(p). Suppose 0 = -3*v - 0*v + 4*m + t, -2*v - m = -9. List the prime factors of v.
7
Let y(v) = 3*v + 8. What are the prime factors of y(6)?
2, 13
Suppose 0 = -0*z - 6*z. Suppose p - 3*p = -3*y + 94, z = 2*y - 5*p - 70. List the prime factors of y.
2, 3, 5
Let l(v) = v**2 - 6*v + 7. Let q be l(5). List the prime factors of 24 + 3 + q + 0.
29
Suppose 2*s - 20 = -14. List the prime factors of s.
3
Let c be -1 + 2 + 0 + -1. Let g(k) = -2*k - 19. Let w be g(-8). List the prime factors of (c + -15)/(w/4).
2, 5
Let l(j) = -j**2 - j + 2. Let g be l(-3). What are the prime factors of (-1*6)/(2/g)?
2, 3
Let j(p) = p**2 + 4*p - 15. What are the prime factors of j(-7)?
2, 3
Let w(a) = a**2 - 2*a - 3. Let v be w(4). Suppose -36 = -v*k - 6. List the prime factors of k.
2, 3
Suppose -60 = -y - 2*y. What are the prime factors of y?
2, 5
Suppose -17*r + 118 = -256. What are the prime factors of r?
2, 11
Suppose -3*w - 20 = -8. Let z = w + 42. What are the prime factors of z?
2, 19
Let u(w) = w**3 - 7*w**2 - 3*w - 9. List the prime factors of u(8).
31
Suppose -4*h = -106 - 18. Suppose 3 - h = -2*j. List the prime factors of j.
2, 7
Let z = 389 + -239. What are the prime factors of z?
2, 3, 5
Let w(n) = -n**3 + 5*n**2 + n - 3. Let v be w(5). Suppose 0*b - v*b = -42. List the prime factors of b.
3, 7
Let z be (-266)/(-10) + 4/10. Let m(i) = -7*i**3 + 2*i + 1. Let y be m(-1). Suppose -3*l + z = y. List the prime factors of l.
7
Suppose 4*p = -5*j - 249, 2*j - 6*j - 200 = 4*p. What are the prime factors of 3/(-1) - -4 - j?
2, 5
Suppose 2*o = -12 + 56. What are the prime factors of o?
2, 11
Let y(c) = c**3 + 16*c**2 + 13*c + 10. Let z = 14 - 29. List the prime factors of y(z).
2, 5
Let w(z) = z**3 + 7*z**2 + z + 8. Let q be w(-7). Let c be (-1 - 2) + q + 32. List the prime factors of 4*(c/(-8))/(-3).
5
Suppose s + s = i + 7, -4*s + 8 = 4*i. Suppose s*f - 22 = c, 3*f + 0*f + 4*c - 47 = 0. What are the prime factors of f?
3
Suppose -33 = -z + 69. Let v = -52 + z. What are the prime factors of v?
2, 5
Let w be 0 + 4/(-22) - 105/(-33). Suppose 3*v + v = -4*y + 52, 3*y + 5*v - 49 = 0. Suppose -y = -p - w*p. What are the prime factors of p?
2
Let b = -10 - -26. Suppose -t = t + b. Let l = 14 + t. List the prime factors of l.
2, 3
Let l(x) = 2*x - 16. What are the prime factors of l(23)?
2, 3, 5
Let b = 6 + -3. Suppose -b*a + 4*a = -4*r + 70, 4*r + 4*a = 76. List the prime factors of r.
17
Suppose 6 = s - 13. Let z = -7 + s. List the prime factors of z.
2, 3
Let h(t) = t**3 + 6*t**2 + t + 10. Let v be h(-6). Suppose 3*r - 33 = -4*q, -q = -v*r + 4*q + 13. List the prime factors of r.
7
Let k = -3 + -2. Let f(c) = c**2 + c - 1. Let s(y) = -3*y**2 + 4*y + 1. Let i(p) = -4*f(p) - s(p). What are the prime factors of i(k)?
2, 3
Let y(n) = -3*n**3 - 2*n**2 + n - 1. Let s be y(-2). Suppose -s + 43 = 3*k. List the prime factors of k.
2, 5
Suppose w - 52 - 9 = -3*l, -5 = w. List the prime factors of l.
2, 11
Let x(b) = b**3 - b**2 - b + 39. Let r(q) = q**3 - 3*q**2 - 9*q - 5. Let o be r(5). List the prime factors of x(o).
3, 13
Suppose -15*y + 1281 = 21. List the prime factors of y.
2, 3, 7
Let c(t) be the second derivative of -3*t**5/5 - t**4/12 - t**3/6 - 4*t. Let y = 0 + -1. What are the prime factors of c(y)?
2, 3
Let a(x) = 14*x - 1. Let l be a(1). Suppose -5*b - l + 193 = 0. What are the prime factors of b?
2, 3
Let d(x) = x**2 - 6*x + 3. Let l be d(6). Let u be (-2 - (-1 + -2)) + l. Suppose u*a + 9 = 7*a. What are the prime factors of a?
3
Suppose 0 = -2*p - 2*t + 10, p - 5*p = 2*t - 10. Let q(h) = h**2 - h + 6. List the prime factors of q(p).
2, 3
Let b = -8 + 10. What are the prime factors of 6 + 1 - (b - 3)?
2
Suppose -4*t - 3*h = -64, -7*h = -2*t - 3*h + 10. Let k = -6 + t. List the prime factors of k.
7
Suppose -14*c - 191 = -15*c. List the prime factors of c.
191
Suppose 5*j + n = 160, -2*j - 5*n + 32 = -j. Suppose r = 5*r - j. Suppose 0 = -5*q + 4*q + r. What are the prime factors of q?
2
Let x be 3/(-7) - 2250/(-105). Let i = x - -38. What are the prime factors of i?
59
Let j(d) = 3*d - 7 - 4*d + d**2 - d - 6*d. What are the prime factors of j(9)?
2
Let x = 6 - 7. What are the prime factors of x*(-3)/6*6?
3
Le